{"id":2,"date":"2019-03-21T12:35:42","date_gmt":"2019-03-21T11:35:42","guid":{"rendered":"http:\/\/elternwerkstatt-hamburg.de\/ewh-test\/?page_id=2"},"modified":"2026-02-26T12:28:09","modified_gmt":"2026-02-26T11:28:09","slug":"info","status":"publish","type":"page","link":"https:\/\/elternwerkstatt-hamburg.de\/?page_id=2","title":{"rendered":"Information"},"content":{"rendered":"\r\n\r\n<div style='padding-bottom:30px; font-size:70px;' class='av-special-heading av-special-heading-h3  blockquote modern-quote  avia-builder-el-1  el_after_av_codeblock  el_before_av_textblock   av-inherit-size '><h3 class='av-special-heading-tag '  itemprop=\"headline\"  >H\u00e4ufige Fragen<\/h3><div class='special-heading-border'><div class='special-heading-inner-border' ><\/div><\/div><\/div>\r\n\r\n<section class=\"av_textblock_section \"  itemscope=\"itemscope\" itemtype=\"https:\/\/schema.org\/CreativeWork\" ><div class='avia_textblock  '  style='font-size:26px; '  itemprop=\"text\" ><p><strong>Wann finden Termine statt?<\/strong><\/p>\n<ul>\n<li>Nachdem Sie mit mir telefonisch oder per E-mail Kontakt aufgenommen und Ihr Anliegen kurz geschildert haben, vereinbaren wir einen Termin f\u00fcr ein Erstgespr\u00e4ch.<span class=\"Apple-converted-space\">\u00a0<\/span><\/li>\n<li>Mein Anliegen ist es, Ihnen schnell einen Termin anbieten zu k\u00f6nnen. In Notf\u00e4llen arbeite ich auch am Wochenende.<\/li>\n<\/ul>\n<p><strong>Wie h\u00e4ufig sind Termine n\u00f6tig?<\/strong><\/p>\n<ul>\n<li>Im Regelfall finden Gespr\u00e4che im Abstand von ca. zwei bis drei Wochen statt. Grunds\u00e4tzlich richtet sich die H\u00e4ufigkeit von Terminen nach Ihren Bed\u00fcrfnissen und wird individuell abgesprochen. Bei Paargespr\u00e4chen bietet es sich an, f\u00fcnf Sitzungen zu vereinbaren um einen Prozess zu erm\u00f6glichen.<\/li>\n<li>In akuten Krisensituationen k\u00f6nnen auch w\u00f6chentliche Sitzungen sinnvoll sein.<\/li>\n<li>Wie viele Gespr\u00e4che insgesamt n\u00f6tig sind, h\u00e4ngt von Ihrem Anliegen ab, was Sie erreichen wollen und wie intensiv Sie arbeiten m\u00f6chten. Manchmal reichen schon wenige Sitzungen, um das gew\u00fcnschte Ziel zu erreichen, und manchmal ben\u00f6tigen wir einfach mehr Zeit.<span class=\"Apple-converted-space\">\u00a0<\/span><\/li>\n<\/ul>\n<p><strong>Schweigepflicht?<\/strong><\/p>\n<ul>\n<li>Als Therapeutin unterliege ich der Schweigepflicht nach \u00a7 203, Abs. 1 Satz 1, des Strafgesetzbuchs (StGB). Ihre pers\u00f6nlichen Daten und Inhalte der Therapie- \/ Beratungsgespr\u00e4che unterliegen somit der Schweigepflicht.<\/li>\n<\/ul>\n<p><strong>Meine Partnerin bzw. mein Partner m\u00f6chte nicht mit?<\/strong><\/p>\n<ul>\n<li>Bei Schwierigkeiten in einer Ehe oder Partnerschaft ist es sinnvoll, wenn beide Partner anwesend sind.<span class=\"Apple-converted-space\">\u00a0<\/span><\/li>\n<li>Sollte Ihre Partnerin bzw. Ihr Partner keine Bereitschaft zu einer Paartherapie zeigen, werden wir zun\u00e4chst mit Einzelgespr\u00e4chen zu beginnen. Vielfach stecken hinter der Weigerung Schamgef\u00fchle oder auch die Angst, als Schuldige bzw. Schuldiger an \u201edie Wand gestellt zu werden\u201c. Meistens lassen sich die Partner im weiteren Verlauf doch noch auf ein gemeinsames Gespr\u00e4ch ein. Die Erfahrung zeigt: Im Regelfall lassen sich dann die Vorurteile und \u00c4ngste schnell aus der Welt r\u00e4umen.<\/li>\n<li>Wenn die Partnerin bzw. der Partner dauerhaft kein Interesse an einer Beratung oder Therapie zeigt, k\u00f6nnen Einzelgespr\u00e4che trotzdem sinnvoll sein. Denn die Ver\u00e4nderungen, die sich aufgrund der Gespr\u00e4che ergeben, wirken sich die Beziehung aus und k\u00f6nnen auch beim Gegen\u00fcber zu neuen Verhaltens- und Sichtweisen f\u00fchren.<\/li>\n<\/ul>\n<h2><strong>Beratung auch auf englisch und spanisch m\u00f6glich.<\/strong><\/h2>\n<\/div><\/section>\r\n\r\n<div style='padding-bottom:30px; font-size:70px;' class='av-special-heading av-special-heading-h3  blockquote modern-quote  avia-builder-el-3  el_after_av_textblock  el_before_av_textblock   av-inherit-size '><h3 class='av-special-heading-tag '  itemprop=\"headline\"  >Kosten<\/h3><div class='special-heading-border'><div class='special-heading-inner-border' ><\/div><\/div><\/div>\r\n\r\n<section class=\"av_textblock_section \"  itemscope=\"itemscope\" itemtype=\"https:\/\/schema.org\/CreativeWork\" ><div class='avia_textblock  '  style='font-size:26px; '  itemprop=\"text\" ><p><b>Kostenerstattung <\/b><b>durch die <\/b><b>Krankenversicherung: <\/b>Die Kosten f\u00fcr eine Erziehungsberatung, Familien- oder Paartherapie und f\u00fcr Sexualberatung werden von den Krankenkassen nicht \u00fcbernommen.<\/p>\n<p><b>Mein Honorar f\u00fcr einen Termin in\u00a0\u00a0Pr\u00e4senz, \u00a0Online oder per Telefon betr\u00e4gt:<\/b><\/p>\n<p><b>\u00a0<\/b><\/p>\n<p><b>Einzelberatung <\/b><b>\/ Coaching<\/b><b><\/b><\/p>\n<ul>\n<li>Einzelberatung 50 Minuten \u00a0 90 Euro + MwSt*.<\/li>\n<\/ul>\n<p><b><span class=\"Apple-converted-space\">Paartherapie \/ Sexualberatung <\/span><\/b><\/p>\n<ul>\n<li>Paarsitzung 90 Minuten \u00a0 130 Euro + MwSt.*<\/li>\n<li>Beratung im Team mit 1 Kollegen 90 Minuten 190 Euro + MwSt.*<\/li>\n<\/ul>\n<p><b>\u00a0<\/b><\/p>\n<p><b>Familienberatung\/-therapie<\/b><b><\/b><\/p>\n<ul>\n<li>Eltern 60 Minuten \u00a0 100 Euro + MwSt.*<\/li>\n<li>Eltern 90 Minuten \u00a0 130 Euro + MwSt.*<\/li>\n<li>Mit Kindern 60 Minuten \u00a0 150 Euro + MwSt.*<\/li>\n<\/ul>\n<p><b>Konfliktl\u00f6sungsgespr\u00e4che mit zwei und mehr Erwachsenen<\/b><\/p>\n<ul>\n<li>90 Minuten 150 Euro + MwSt.*<\/li>\n<\/ul>\n<p><b>Therapie nach dem Heilpraktigergesetz f\u00fcr Psychotherapie diese Leistungen sind gem\u00e4\u00df \u00a7 4 Nr. 14 Buchst. a UStG von der Umsatzsteuer befreit<\/b><\/p>\n<ul>\n<li>Therapie 50 Minuten \u00a0 90 Euro*<\/li>\n<\/ul>\n<p><b><br \/>\nSupervision f\u00fcr Pflegeeltern und Fachkr\u00e4fte<\/b><\/p>\n<ul>\n<li><span style=\"font-style: normal; font-variant-caps: normal;\">nach Absprache<\/span><\/li>\n<\/ul>\n<h5>*Individuelle Honorarabsprachen sind je nach Lebenssituation m\u00f6glich.<\/h5>\n<\/div><\/section>\r\n\r\n<div style='padding-bottom:30px; font-size:70px;' class='av-special-heading av-special-heading-h3  blockquote modern-quote  avia-builder-el-5  el_after_av_textblock  el_before_av_textblock   av-inherit-size '><h3 class='av-special-heading-tag '  itemprop=\"headline\"  >Terminabsage<\/h3><div class='special-heading-border'><div class='special-heading-inner-border' ><\/div><\/div><\/div>\r\n\r\n<section class=\"av_textblock_section \"  itemscope=\"itemscope\" itemtype=\"https:\/\/schema.org\/CreativeWork\" ><div class='avia_textblock  '  style='font-size:26px; '  itemprop=\"text\" ><h2><\/h2>\n<p>Falls Sie einen vereinbarten Termin nicht wahrnehmen k\u00f6nnen, bitten wir Sie um eine\u00a0<b>Absage sp\u00e4testens\u00a024 Stunden vorher<\/b>. Bei kurzfristigeren Absagen oder nicht wahrgenommenen Terminen stelle ich die Sitzung mit dem normalen Stundensatz in Rechnung (\u00a7 615 BGB).<\/p>\n<\/div><\/section>\r\n\r\n<\/div><\/div><\/div><!-- close content main div --><\/div><\/div><div id='av_section_1' class='avia-section alternate_color avia-section-small avia-no-border-styling av-section-color-overlay-active avia-bg-style-fixed  avia-builder-el-7  el_after_av_textblock  avia-builder-el-last   container_wrap sidebar_right' style='background-color: #000000;  '  ><div class='av-section-color-overlay-wrap'><div class='av-section-color-overlay' style='opacity: 0.8; background-color: #000000; '><\/div><div class='container' ><div class='template-page content  av-content-small alpha units'><div class='post-entry post-entry-type-page post-entry-2'><div class='entry-content-wrapper clearfix'>\r\n<div class=\"flex_column av_one_full  flex_column_div av-zero-column-padding first  avia-builder-el-8  avia-builder-el-no-sibling  \" style='border-radius:0px; '><div style='padding-bottom:20px; color:#f7f7f7;font-size:50px;' class='av-special-heading av-special-heading-h1 custom-color-heading blockquote modern-quote modern-centered  avia-builder-el-9  el_before_av_textblock  avia-builder-el-first   av-inherit-size '><h1 class='av-special-heading-tag '  itemprop=\"headline\"  >Kontakt<\/h1><div class='special-heading-border'><div class='special-heading-inner-border' style='border-color:#f7f7f7'><\/div><\/div><\/div>\n<section class=\"av_textblock_section \"  itemscope=\"itemscope\" itemtype=\"https:\/\/schema.org\/CreativeWork\" ><div class='avia_textblock  '   itemprop=\"text\" ><p style=\"text-align: center;\">Elternwerkstatt-Hamburg<br \/>\nKerstin Erl-Hegel<br \/>\nKirchentwiete 29 a<br \/>\n22765 Hamburg<br \/>\nTelefon: 0171 45 93 95 3<\/p>\n<p style=\"text-align: center;\">Ich freue mich sehr mit Ihnen ins Gespr\u00e4ch zu kommen. Gerne k\u00f6nnen Sie mir eine Nachricht mit Ihrem Namen und Ihrer Telefonnummer hinterlassen, ich rufe Sie schnellstm\u00f6glich zur\u00fcck. Oder Sie schicken mir eine Mail, das Kontaktformular finden Sie direkt unter dem Text im Button.<\/p>\n<\/div><\/section>\n<div style='height:20px' class='hr hr-invisible   avia-builder-el-11  el_after_av_textblock  el_before_av_button '><span class='hr-inner ' ><span class='hr-inner-style'><\/span><\/span><\/div>\n<div class='avia-button-wrap avia-button-center  avia-builder-el-12  el_after_av_hr  avia-builder-el-last '><a href='https:\/\/elternwerkstatt-hamburg.de\/?page_id=255'  class='avia-button av-icon-on-hover  avia-icon_select-yes-right-icon avia-color-light avia-size-large avia-position-center '   ><span class='avia_iconbox_title' >Kontakt<\/span><span class='avia_button_icon avia_button_icon_right' aria-hidden='true' data-av_icon='\ue879' data-av_iconfont='entypo-fontello'><\/span><\/a><\/div><\/div>\r\n<\/div><\/div><\/div><!-- close content main div --><\/div><\/div><\/div><div id='after_section_1' class='main_color av_default_container_wrap container_wrap sidebar_right' style=' '  ><div class='container' ><div class='template-page content  av-content-small alpha units'><div class='post-entry post-entry-type-page post-entry-2'><div class='entry-content-wrapper clearfix'><!-- \/wp:post-content -->","protected":false},"excerpt":{"rendered":"","protected":false},"author":1,"featured_media":0,"parent":0,"menu_order":0,"comment_status":"closed","ping_status":"closed","template":"","meta":{"footnotes":""},"class_list":["post-2","page","type-page","status-publish","hentry"],"_links":{"self":[{"href":"https:\/\/elternwerkstatt-hamburg.de\/index.php?rest_route=\/wp\/v2\/pages\/2","targetHints":{"allow":["GET"]}}],"collection":[{"href":"https:\/\/elternwerkstatt-hamburg.de\/index.php?rest_route=\/wp\/v2\/pages"}],"about":[{"href":"https:\/\/elternwerkstatt-hamburg.de\/index.php?rest_route=\/wp\/v2\/types\/page"}],"author":[{"embeddable":true,"href":"https:\/\/elternwerkstatt-hamburg.de\/index.php?rest_route=\/wp\/v2\/users\/1"}],"replies":[{"embeddable":true,"href":"https:\/\/elternwerkstatt-hamburg.de\/index.php?rest_route=%2Fwp%2Fv2%2Fcomments&post=2"}],"version-history":[{"count":41,"href":"https:\/\/elternwerkstatt-hamburg.de\/index.php?rest_route=\/wp\/v2\/pages\/2\/revisions"}],"predecessor-version":[{"id":1762,"href":"https:\/\/elternwerkstatt-hamburg.de\/index.php?rest_route=\/wp\/v2\/pages\/2\/revisions\/1762"}],"wp:attachment":[{"href":"https:\/\/elternwerkstatt-hamburg.de\/index.php?rest_route=%2Fwp%2Fv2%2Fmedia&parent=2"}],"curies":[{"name":"wp","href":"https:\/\/api.w.org\/{rel}","templated":true}]}}